(c).
0
Let n(a) be the second derivative of 0 + 0*a**2 + 0*a**3 - 7/6*a**4 - 1/15*a**5 + 30*a + 1/360*a**6. Let w(q) be the third derivative of n(q). Calculate w(6).
4
Let b(n) be the second derivative of -3*n**3/2 + 18*n**2 - 988*n. Calculate b(3).
9
Let i = -29 - -31. Let n(p) = 10 - i - 13 + 3*p**2 - p**2. Calculate n(4).
27
Suppose 49*c - 28*c = -93*c - 1824. Let w(z) = z**3 + 19*z**2 + 46*z - 30. Calculate w(c).
2
Let z be (-1)/(39/(-21) - -2). Let a(m) be the first derivative of -m**3/3 - 5*m**2/2 + 7*m + 6491. Determine a(z).
-7
Let y(m) be the second derivative of -13*m**3/6 - 67*m**2/2 - m + 461. Determine y(-7).
24
Let p(s) = -874*s + 1751. Let o be p(2). Let f(c) = -19*c + 61. What is f(o)?
4
Let n be 3 - ((3 - 8 - 2) + 6). Suppose 0 - 12 = -4*l. Let z(k) = -3*k - 3*k + l*k - k**2 - 9 + 9*k. Give z(n).
-1
Let v(b) = -7*b**3 + 18*b**2 - 11*b + 1. Let n(t) = 10*t**3 - 26*t**2 + 15*t - 1. Let g(k) = 5*n(k) + 7*v(k). Give g(5).
17
Let p(w) = -3*w + 9. Let a be (6/4)/(18/(-108)). Let i(b) = -14*b + 36. Let t(l) = a*p(l) + 2*i(l). Determine t(-6).
-3
Let l(x) be the third derivative of -1/3*x**3 + 1/8*x**4 + 0 + 0*x - 99*x**2 + 1/20*x**5. Calculate l(2).
16
Let h be (-1)/(-3*(-3)/(-153)). Let c(f) = 36 - 45 - 29*f + h*f + 9*f. What is c(-8)?
15
Let u(h) be the third derivative of h**6/120 + 23*h**5/30 - 11*h**4/6 + 24*h**3 + 2*h**2 - 972. Determine u(-47).
3
Let h(f) = -4*f**2 - f - 4. Suppose 0 = -83*q + 166*q - 81*q. Give h(q).
-4
Let s(u) = u**2 - 7*u. Suppose -2*r - 284 + 438 = 0. Let q be ((-10)/14)/((-11)/r*1). Determine s(q).
-10
Let i(k) = 4*k + 2*k**2 + 80 + 85 - 247 + 86. Suppose 0 = -5*m - 1 + 6. Let n = m + -4. Calculate i(n).
10
Let f = 20 - 35. Let r be 5 + (-5 - (-5)/(f/(-9))). Let l(z) = -z**3 + 0*z**r - 50*z + 4 + 47*z - 3*z**2. Give l(-3).
13
Suppose 0 = -30*l - 102 - 18. Let b(o) = o**3 + 5*o**2 - 2*o + 5. Calculate b(l).
29
Let t(h) = -472*h + 933*h + 6 - 483*h + 3*h**2. What is t(7)?
-1
Suppose -2*d - t = -9, -4*d - 5*t + 18 = -15. Let b(j) = -50*j**3 + 9*j**d + 14*j**3 + 21*j**3 - 8 + 16*j**3 - 4*j + 9*j. Give b(-8).
16
Let q(p) = -4*p**2 - 1. Let v be q(1). Let x be (3/6)/(3/(3 - -39)). Let l(t) = -10*t - t**3 - 4*t**2 - 13*t - x*t + 34*t + 7. Determine l(v).
12
Suppose 60*u = 19*u + 205. Let j(x) = 1 + u*x - 7*x + 6*x - 1 + 7. Calculate j(6).
31
Suppose -9*h - 11 = 4*f + 79, -10 = h + 2*f. Let b(j) = -j**3 - 10*j**2 + 9*j + 13. Calculate b(h).
-77
Let z(w) = 2*w**2 + 3. Let l be 1/((-1)/7) + (-37)/(407/(-44)). Determine z(l).
21
Suppose 2*n = -n + 9. Let d(b) = -11*b + 9. Suppose 203 = 114*z - 85*z. Let i(f) = 6*f - 4. Let a(x) = n*d(x) + z*i(x). Give a(1).
8
Let f(j) = 49*j - 89. Let v be f(6). Let d(o) = -207 + v - 3*o - 4*o. What is d(-2)?
12
Let d(q) = q**3 - 2*q**2 + 7*q - 12. Suppose 198 = 59*w + 7*w. Calculate d(w).
18
Let n(p) = -p - 12. Let j be (-1)/(-2)*5 + (-69)/(-46). Let t(g) = 16*g - 75. Let c be t(j). Determine n(c).
-1
Let j(v) = -v - 1. Let c = -14 + 9. Let i be j(c). Let t(s) = -s + 8*s + 3 - 5*s - i*s. Give t(6).
-9
Suppose -94*u - 267 = 1895. Let c(p) = -p**3 - 24*p**2 - 23*p + 2. Determine c(u).
2
Let n(k) be the second derivative of k**6/60 + 17*k**5/60 - 11*k**4/24 - 7*k**3/2 - 13*k**2 - 22*k - 1. Let v(r) be the first derivative of n(r). Give v(-9).
-3
Let q(m) = -m**3 - 8*m**2 - 2*m + 6. Let v = -9133 - -9127. Calculate q(v).
-54
Let b(m) = m**3 + 5*m**2 + 7*m + 6. Let p = 42 + -39. Suppose 103 = 2*z - 3*z + 2*t, 2*z + p*t = -213. Let g be (-1)/9 - z/(-27). Give b(g).
-6
Let f(w) be the first derivative of 21 - 3*w**2 + 1/3*w**3 + w. Give f(4).
-7
Let v(w) = w**3 - 4*w**2 - 2*w + 4. Let t be v(4). Let r(p) be the third derivative of p**5/30 + p**4/6 - 2*p**3/3 + 4*p**2 - 2*p - 169. Give r(t).
12
Let i(v) be the second derivative of v**5/20 + 43*v**4/12 - 8*v**3 - 91*v**2 - 7215*v. Determine i(-44).
-6
Suppose 3*q - 4*p + p + 843 = 0, -5*q + 2*p = 1405. Let a = 274 + q. Let s(g) = g**3 + 8*g**2 + 9*g. Give s(a).
-14
Suppose 1 = -b, -5*c + 13*b = 12*b - 2216. Let w(r) = -224*r - 222*r + 6 + c*r. Calculate w(4).
-6
Let o be 12*16/12 + -1. Suppose -2*l = o - 21. Let m(i) be the first derivative of i**4/4 - i**3 + i**2/2 - 2*i + 6. What is m(l)?
1
Let j(s) = -257*s + 1291. Let c be j(5). Let a(m) = m**3 - 7*m**2 + 2*m + 25. Determine a(c).
1
Let l(k) = 251 + 570064*k - 80 - 570073*k. What is l(18)?
9
Let u(a) = -4*a + 2. Let h = 7 - 5. Suppose -17*d = 19*d - 72. Suppose 0 = -k + d*k - h*x + 3, 4*k + 2*x + 12 = 0. What is u(k)?
14
Let p(h) be the third derivative of -h**5/60 - h**4/8 + 12*h**3 - 1663*h**2. What is p(-10)?
2
Let g(o) = 88*o + 2. Let x(d) = -146*d - 6. Let y(w) = 5*g(w) + 3*x(w). Give y(4).
0
Let k(m) = -2*m - 1 + 4*m - 3*m. Let q = -131 + 152. Suppose 19*n - 8 = q*n. Determine k(n).
3
Let p(g) = g**3 - 5*g**2 + 4*g + 4. Let w(x) = x**2 + 29*x + 23. Let u be w(-28). Let b be 56/24 + u/(-3). Give p(b).
4
Let z(c) be the second derivative of -c**3/6 - 3*c**2/2 + 64*c + 9. Give z(-4).
1
Let w(l) be the second derivative of l**4/4 + 4*l**3/3 - 2*l**2 - 138*l. Let p(f) = -5*f**2 - 12*f + 6. Let h(c) = 5*p(c) + 8*w(c). Determine h(3).
1
Let q(m) be the third derivative of 5*m**4/24 - 1540*m**2. Let g = 12 - -3. Let b = -12 + g. Give q(b).
15
Let h(c) = 3*c**2 + 10*c - 9. Let z(k) = k - 1. Let l(i) = 2*h(i) - 22*z(i). Let w(u) = -7*u**2 + 3*u - 5. Let r(g) = -4*l(g) - 3*w(g). What is r(-1)?
-3
Suppose 0 = 1936*l - 2009*l - 511. Let n(t) be the third derivative of -t**5/60 - 7*t**4/24 - t**3 - 2*t**2. Give n(l).
-6
Let s be 69/9 + 6/(-9). Let b(i) = -i - 50. Let f(v) = -v - 75. Let l(w) = 3*b(w) - 2*f(w). Calculate l(s).
-7
Let z = -29 - -18. Let v(b) = -3*b - 33. Let t be v(z). Suppose t = 5*i - 4*w - w + 25, 4*i + 5*w = -29. Let c(g) = -3*g - 5. Calculate c(i).
13
Let h(u) = -3*u - 3. Let d be (312/(-20))/((-2)/20). Let g = -158 + d. What is h(g)?
3
Let m(n) be the third derivative of -1/6*n**3 + 0 - 1/4*n**5 - 203*n**2 + 1/24*n**4 + 0*n. What is m(1)?
-15
Let m(w) be the second derivative of -w**4/12 + 13*w**3/6 - 3*w**2 + 3346*w. Give m(9).
30
Suppose -8*b - 4*r = 4, -4*b + 3*r + 3 = -5*b. Let p(v) = v**3 - 4*v**2 - v + 6. Give p(b).
6
Let b(i) = 10 + i + 8*i**2 + 4*i**2 - 1849*i**3 + 1850*i**3 + 0*i. Calculate b(-12).
-2
Let d(i) be the second derivative of i**4/12 - 17*i**3/6 - i**2/2 - 894*i. Calculate d(16).
-17
Suppose -275*c + 1376 + 274 = 0. Let j(k) = 7*k**3 + 7*k - 6. Let r(u) = u**3 + u**2 + u - 1. Let b(f) = j(f) - 6*r(f). What is b(c)?
6
Let r(q) = -159*q - 86. Let t(g) = 191*g + 103. Let h(o) = -6*r(o) - 5*t(o). Let b be (-6)/(-8)*(-4 - 0). What is h(b)?
4
Let k(r) be the first derivative of -r - 1/4*r**4 + 3/2*r**2 - 1/3*r**3 - 33. Suppose -5*b = d - 6*d - 10, 14 = -3*b - d. What is k(b)?
8
Let h(d) = 3*d - 8. Let j(y) = 3*y + 21. Let v(z) = z + 9. Let f(u) = 2*j(u) - 5*v(u). Let p(s) = -17*f(s) + 6*h(s). Calculate p(-5).
-2
Let u(c) = -8*c**3 - 3*c - 2. Let t be u(-2). Suppose 0 = -2*p, 4*p + 51 + 57 = 3*x. Let l(a) = t - x - 35 - a**2 + 7*a. Determine l(6).
3
Let c be (-47)/(-846)*(-21)/(-1). Let v(b) be the second derivative of 13*b + 0 + 1/12*b**4 - c*b**3 + 7/2*b**2. What is v(5)?
-3
Let o(r) = 4*r - 5. Let w(f) = -24 + 8 + f**3 + 8*f + 4*f + 31*f - 23*f**2. Let k be w(21). Determine o(k).
15
Let d(q) = -q**3 - q. Let h(z) = -120*z + 2283. Let o be h(19). What is d(o)?
-30
Suppose 5*j = 17 + 23. Suppose 2*n - 150 + 142 = 0. Let u = j - n. Let q(p) = p**2 - p + 1. Give q(u).
13
Suppose -5*t + 45 - 5 = 0. Let j(p) be the first derivative of -p - 9 + 18 - p**3 - t. Calculate j(-2).
-13
Let w(g) be the first derivative of -g**3/3 - 13*g + 2. Let d be (-19)/(2432/(-48)) + (-6)/16. Suppose -4*t + d + 4 = 4*i, i = -3*t + 3. Calculate w(i).
-13
Suppose 39 = -10*j + 249. Let m(h) = 15*h + 2 - j*h - 4 + 1. Calculate m(1).
-7
Suppose 2*f - 4*z + 0*z - 36 = 0, -5*z = -f + 33. Let k(x) = f - x + 2*x**3 - x**3 - 7. Calculate k(2).
7
Let l = -8147 - -8150. Let q(r) = -9*r + 11. What is q(l)?
-16
Let d be (-15)/(-10)*-1 + 36/8. Let s(f) = -d + 6*f - 4*f - f + f. Give s(4).
5
Let a(c) = -22 + 1691*c - 837*c - 845*c + c**2 + 0*c**2. Let m be (14/(-3) - -1)*3. What is a(m)?
0
Let i(m) = 2*m - 17. Let y be (-84)/(-10)*(-15)/(-9). Calculate i(y).
11
Let n(u) = 4829 + 5*u**3 - 26*u 